
Convert 10002 (base 3) to base 11.
76
What is 13 (base 14) in base 15?
12
Convert -10 (base 2) to base 16.
-2
Convert -2 (base 3) to base 4.
-2
40 (base 7) to base 8
34
5 (base 10) to base 6
5
What is -145 (base 8) in base 9?
-122
What is -10 (base 16) in base 11?
-15
136 (base 8) to base 16
5e
What is 11 (base 2) in base 10?
3
Convert -11 (base 3) to base 13.
-4
4 (base 12) to base 13
4
Convert -3 (base 13) to base 6.
-3
What is 0 (base 14) in base 7?
0
Convert 8 (base 11) to base 13.
8
What is 4 (base 7) in base 2?
100
Convert 0 (base 2) to base 14.
0
What is -48 (base 15) in base 6?
-152
-214 (base 5) to base 15
-3e
Convert -181 (base 10) to base 7.
-346
What is -42 (base 5) in base 3?
-211
-d (base 16) to base 8
-15
80 (base 15) to base 14
88
119 (base 10) to base 9
142
Convert 110100 (base 2) to base 11.
48
Convert -1b (base 15) to base 12.
-22
What is -202 (base 3) in base 6?
-32
Convert 82 (base 14) to base 5.
424
Convert 8 (base 9) to base 10.
8
Convert -14a (base 12) to base 10.
-202
0 (base 13) to base 12
0
What is -42 (base 12) in base 9?
-55
12 (base 12) to base 7
20
Convert -15 (base 11) to base 5.
-31
Convert 10 (base 6) to base 10.
6
What is 110 (base 2) in base 12?
6
What is -10010 (base 3) in base 13?
-66
Convert 0 (base 8) to base 10.
0
101 (base 9) to base 5
312
-1010 (base 2) to base 13
-a
42 (base 8) to base 4
202
34 (base 7) to base 13
1c
-200 (base 4) to base 10
-32
Convert -3 (base 8) to base 2.
-11
4 (base 16) to base 4
10
What is -2 (base 8) in base 14?
-2
Convert 14 (base 14) to base 16.
12
What is 1 (base 13) in base 3?
1
What is -12 (base 5) in base 13?
-7
What is 2 (base 4) in base 2?
10
100010 (base 2) to base 11
31
What is -113 (base 7) in base 4?
-323
What is 3 (base 9) in base 15?
3
Convert 5 (base 15) to base 7.
5
31 (base 5) to base 8
20
What is -9 (base 11) in base 5?
-14
What is 5 (base 12) in base 16?
5
-1 (base 7) to base 2
-1
Convert -6 (base 7) to base 8.
-6
Convert -4 (base 8) to base 13.
-4
3 (base 13) to base 14
3
0 (base 2) to base 6
0
Convert -4 (base 10) to base 2.
-100
What is 11 (base 2) in base 16?
3
-10 (base 4) to base 16
-4
40 (base 15) to base 5
220
-4 (base 12) to base 14
-4
What is 14 (base 7) in base 12?
b
Convert -1001 (base 3) to base 15.
-1d
What is 3 (base 8) in base 5?
3
13 (base 7) to base 4
22
-4 (base 13) to base 5
-4
-63 (base 10) to base 8
-77
Convert -3 (base 14) to base 9.
-3
What is -221 (base 4) in base 2?
-101001
10 (base 3) to base 5
3
Convert -1 (base 5) to base 8.
-1
What is 1160 (base 7) in base 15?
1de
Convert b (base 12) to base 7.
14
4 (base 5) to base 6
4
Convert -14 (base 5) to base 15.
-9
Convert 74 (base 13) to base 11.
87
15 (base 16) to base 9
23
-211 (base 5) to base 8
-70
What is -5 (base 16) in base 5?
-10
Convert 65 (base 15) to base 6.
235
What is -1 (base 12) in base 9?
-1
Convert -3 (base 15) to base 8.
-3
-320 (base 4) to base 16
-38
What is 3 (base 13) in base 5?
3
-2111 (base 5) to base 2
-100011001
Convert -2 (base 8) to base 10.
-2
12 (base 3) to base 4
11
111 (base 2) to base 4
13
What is -12 (base 5) in base 15?
-7
3 (base 8) to base 6
3
Convert 155 (base 10) to base 15.
a5
Convert 0 (base 15) to base 11.
0
What is 3 (base 13) in base 11?
3
What is 14 (base 14) in base 9?
20
Convert 4 (base 6) to base 3.
11
What is -12 (base 8) in base 3?
-101
What is -2 (base 3) in base 5?
-2
What is -31 (base 13) in base 4?
-220
What is 28 (base 11) in base 6?
50
-112 (base 4) to base 5
-42
Convert 147 (base 10) to base 11.
124
1f (base 16) to base 7
43
What is 210 (base 3) in base 2?
10101
What is -13 (base 15) in base 14?
-14
What is -13 (base 14) in base 15?
-12
What is -3 (base 11) in base 15?
-3
What is 111 (base 2) in base 16?
7
Convert 100 (base 2) to base 5.
4
-b1 (base 12) to base 8
-205
Convert 34 (base 9) to base 10.
31
What is -12 (base 4) in base 6?
-10
5 (base 16) to base 15
5
124 (base 6) to base 12
44
What is 2 (base 10) in base 11?
2
What is -4 (base 6) in base 15?
-4
What is 5 (base 15) in base 11?
5
What is -1 (base 13) in base 11?
-1
Convert 154 (base 9) to base 2.
10000010
What is -11 (base 9) in base 4?
-22
What is -146 (base 7) in base 8?
-123
What is -a (base 12) in base 4?
-22
-61 (base 7) to base 2
-101011
What is 6 (base 10) in base 6?
10
What is 147 (base 11) in base 2?
10101100
45 (base 14) to base 7
115
Convert 32 (base 9) to base 12.
25
Convert -311 (base 4) to base 9.
-58
-23 (base 5) to base 13
-10
Convert 24 (base 6) to base 3.
121
Convert 25 (base 12) to base 3.
1002
18 (base 16) to base 10
24
1101 (base 2) to base 11
12
20 (base 8) to base 7
22
Convert -2 (base 4) to base 13.
-2
Convert -20 (base 12) to base 4.
-120
10210 (base 3) to base 13
7b
-7 (base 11) to base 12
-7
What is -146 (base 9) in base 6?
-323
What is 10011 (base 2) in base 4?
103
What is 35 (base 13) in base 3?
1122
-6b (base 12) to base 8
-123
2400 (base 5) to base 2
101011110
What is 217 (base 12) in base 15?
157
Convert 3 (base 8) to base 6.
3
What is 10000100 (base 2) in base 9?
156
Convert -43 (base 8) to base 11.
-32
5 (base 8) to base 11
5
-1 (base 7) to base 15
-1
10 (base 5) to base 6
5
What is 43 (base 6) in base 10?
27
-1100010 (base 2) to base 9
-118
Convert -11 (base 2) to base 9.
-3
Convert 114 (base 8) to base 14.
56
Convert -1 (base 13) to base 14.
-1
-20 (base 13) to base 3
-222
-3 (base 14) to base 3
-10
Convert -11 (base 8) to base 7.
-12
What is -104 (base 11) in base 14?
-8d
What is 0 (base 3) in base 12?
0
Convert 1011101 (base 2) to base 15.
63
323 (base 8) to base 6
551
Convert -131 (base 8) to base 14.
-65
What is -18 (base 13) in base 6?
-33
18 (base 9) to base 11
16
4 (base 8) to base 7
4
9 (base 14) to base 5
14
What is 3 (base 6) in base 8?
3
12 (base 3) to base 2
101
1 (base 16) to base 8
1
What is -1 (base 9) in base 10?
-1
Convert -3 (base 4) to base 2.
-11
What is 37 (base 9) in base 4?
202
What is 10 (base 3) in base 4?
3
What is 146 (base 10) in base 5?
1041
What is -42 (base 10) in base 5?
-132
164 (base 9) to base 13
a9
Convert 1 (base 7) to base 14.
1
What is 20 (base 4) in base 9?
8
Convert 3 (base 12) to base 15.
3
Convert 8 (base 11) to base 16.
8
What is 322 (base 4) in base 5?
213
Convert 1e (base 15) to base 13.
23
28 (base 11) to base 5
110
Convert 20 (base 7) to base 13.
11
1 (base 7) to base 9
1
Convert 43 (base 6) to base 14.
1d
-4 (base 11) to base 12
-4
What is -4 (base 5) in base 9?
-4
201 (base 5) to base 13
3c
-334 (base 5) to base 13
-73
11 (base 4) to base 11
5
-10001 (base 3) to base 13
-64
7 (base 11) to base 9
7
What is -1a (base 13) in base 7?
-32
What is -20 (base 9) in base 14?
-14
Convert -12 (base 13) to base 14.
-11
-87 (base 13) to base 6
-303
22 (base 11) to base 15
19
1010 (base 2) to base 6
14
What is 22 (base 9) in base 16?
14
5a (base 13) to base 14
55
What is 21 (base 15) in base 6?
51
Convert -4a (base 12) to base 4.
-322
What is 140 (base 5) in base 16?
2d
What is -18 (base 9) in base 3?
-122
What is -15 (base 12) in base 15?
-12
What is 52 (base 8) in base 4?
222
What is -7 (base 9) in base 10?
-7
What is -165 (base 12) in base 2?
-11011101
-12 (base 13) to base 14
-11
Convert -102 (base 4) to base 11.
-17
Convert 3 (base 10) to base 15.
3
What is -30 (base 7) in base 13?
-18
Convert 1 (base 9) to base 3.
1
What is -204 (base 5) in base 4?
-312
-4 (base 7) to base 9
-4
8 (base 13) to base 11
8
Convert 251 (base 6) to base 7.
205
What is 212 (base 7) in base 5?
412
-56 (base 10) to base 3
-2002
What is -12 (base 12) in base 15?
-e
-2001 (base 4) to base 10
-129
1 (base 12) to base 4
1
19 (base 11) to base 7
26
1 (base 11) to base 14
1
317 (base 8) to base 12
153
-3 (base 8) to base 5
-3
Convert -3 (base 13) to base 16.
-3
-100 (base 2) to base 10
-4
What is -12 (base 9) in base 6?
-15
Convert -4 (base 5) to base 12.
-4
Convert 1344 (base 5) to base 11.
194
23 (base 10) to base 9
25
Convert 0 (base 13) to base 10.
0
15 (base 15) to base 16
14
-10 (base 13) to base 8
-15
-46 (base 10) to base 4
-232
What is -50 (base 6) in base 14?
-22
Convert 17 (base 14) to base 2.
10101
3a (base 12) to base 10
46
Convert -11 (base 3) to base 8.
-4
What is -3 (base 13) in base 9?
-3
What is 110111 (base 2) in base 16?
37
-71 (base 8) to base 3
-2010
What is 10 (base 2) in base 9?
2
-2 (base 7) to b